) = 4*p(a) - 22*q(a). Give g(x).
12
Let q(k) = -3*k**3 - k**2 - 2*k + 2. Let m(r) = -7*r**3 - 14*r**2 - 8*r + 35. Let t(x) = m(x) - 2*q(x). What is t(-11)?
-46
Let s = 75 - 84. Let c be 3*s/((-54)/(-16)). Let t(a) = a - 10*a - 686*a**2 - 10 + 685*a**2. Determine t(c).
-2
Suppose -2928*s + 2946*s + 270 = 0. Let q(t) = t**2 + 17*t + 21. Give q(s).
-9
Let t(s) be the third derivative of 0 + 0*s + 1/6*s**3 - 9*s**2 - 1/12*s**4 - 1/60*s**5. Suppose 10 = 17*i + 61. Give t(i).
-2
Let u = -411 - -410. Let t(l) be the second derivative of -5*l**3/2 - l**2/2 + 17*l - 3. What is t(u)?
14
Let c(t) be the third derivative of 3*t**5/20 - t**4/12 + t**3/6 + t**2 - 9323. Let y be (1/(-1) - 1)/(-2). Give c(y).
8
Let m(y) = y**2 - 11*y + 10. Suppose -25*v + 40 = -60. Suppose 28*h - 21 = -t + 24*h, v*h = 12. Determine m(t).
-8
Let h(y) = 2*y**2 - 30*y + 41. Let g = -3241 - -3254. Give h(g).
-11
Let n(y) = 5*y - 3. Let x(m) = -6*m + 3. Let u(s) = 5*n(s) + 4*x(s). Let l = -1 - -3. Let t be -3*5/6*l. Give u(t).
-8
Let l(g) = 2*g**2 + 2*g - 5. Let j(t) = 6*t - 62. Let w be j(14). Suppose 4*z = -2*h - w, 0 = -23*z + 25*z + 3*h + 17. What is l(z)?
19
Let w(h) = -2*h + 3*h - 2*h**2 + 5*h**2 - 2. Suppose 53 = -384*g - 715. What is w(g)?
8
Let i(d) = -20*d + 881. Let n be i(44). Let w(m) = -75*m - 2. Give w(n).
-77
Let f = -460 - -459. Let z(a) = 250 - 494 + 245 + a + 7*a**2. Determine z(f).
7
Let o(l) = l**3 - 6*l**2 + 4*l + 5. Let s = 206 + -206. Suppose -4*r - 50 + 70 = s. Calculate o(r).
0
Let j(w) be the third derivative of -2*w**5/15 - w**4/8 + 14*w**2. Let d = 470 + -472. What is j(d)?
-26
Let p(v) = -4*v + 12. Let b(w) = -19*w + 67. Let u(c) = 2*b(c) - 11*p(c). Let l = -187 + 192. Give u(l).
32
Let h(g) = g**3 + 6*g**2 + 7*g - 1. Let n = 504 + -502. Suppose -5*o - 4*z + 5 = 0, -1 = 5*o - 8*o - n*z. What is h(o)?
5
Let a(y) = 7*y - 14. Let g(p) = -4*p + 11. Let s(q) = -3*a(q) - 7*g(q). Calculate s(6).
7
Let m(v) be the first derivative of v**4/4 + 11*v**3/3 - 5*v**2 + 33*v - 3588. What is m(-12)?
9
Suppose 2*g = 5*m - 25, -108*g + 109*g + 3*m + 7 = 0. Let p(i) be the second derivative of -i**3/6 + i**2 + 12*i. Determine p(g).
12
Let a(i) = 12*i - 8. Suppose 5*d + 15 = 0, 57*g - 2*d = 54*g + 6. What is a(g)?
-8
Let w(r) = -r**3 + r**2 + 5*r + 3. Let j = -1669 - -1667. Determine w(j).
5
Let x(l) = l**3 + 22*l**2 - 24*l - 24. Let w be x(-23). Let t be (0 - w)*(0 - -14). Suppose 6 = -t*v + 11*v. Let o(n) = -3*n - 1. Give o(v).
5
Let x be -2*(-3 + (-42)/12)*1. Let k(t) = t**3 - 13*t**2 - t + 13. Let f be k(x). Let l(w) = -w**2 + w - 6. What is l(f)?
-6
Let g(p) = p**2 - p + 3. Let z(r) = -r**3 - r**2 + 2. Let y be z(0). Let s(h) = -5*h**y - 4 + h - 6 + 5 + h**3. Let f be s(5). What is g(f)?
3
Let f = 10331 - 10331. Let c(b) be the third derivative of 0 + f*b + 28*b**2 + 1/60*b**5 - 11/24*b**4 + b**3. What is c(10)?
-4
Let m be (-40360)/(-280) + (-3)/21. Suppose 49*z - m = 67*z. Let a(d) = -3*d - 5. Give a(z).
19
Let w(t) be the first derivative of -t**3/3 - 6*t**2 - 15*t - 169. Let v = 1 + -11. Give w(v).
5
Suppose 3*m + 24 = -3*s, -17 = 2*s + 31*m - 28*m. Let w(p) = 2*p - 6*p**2 - 2*p - 8 + 5*p - p**3. What is w(s)?
6
Let z be 3/(-6) - (-4)/(40/35). Let n(g) = -5 + 6*g**2 - 1 + 2 - 6*g**3 + 5*g - z*g + 7*g**3. Determine n(-5).
11
Suppose q = -3*c + 17, -2*q - 8 + 2 = -4*c. Suppose c*x + 6 - 16 = -5*t, 2*t = 3*x + 27. Let u(b) = -b**2 + 6*b + 5. Calculate u(t).
5
Let u be 16152 + 24 - (0 - 0). Let x(w) = u*w - 10*w**2 + 1 - 16176*w. Give x(1).
-9
Let w = 139 + -143. Suppose 5*v + 35 = 4*l + l, 3*v = l - 15. Let q(c) = -3 - 2*c**3 + c**3 + 6*c**2 + 2*c**l - c**2. Calculate q(w).
13
Let q be (2 - 1)*(-2 + 3). Let n be q + -1 - 3 - -2. Let j(l) = -11*l**2 - 20*l - 10. Let h(f) = -21*f**2 - 36*f - 18. Let v(b) = 5*h(b) - 9*j(b). What is v(n)?
-6
Suppose 4*h - 24 = 2*h + 4*f, -5*f - 36 = -3*h. Let r(u) = -6*u + 79. Calculate r(h).
7
Let y(x) = -x**3 + 2*x**2 + x + 1. Let k be (-2)/(-10) + 1192/40. Suppose 21 = -3*m + k. Calculate y(m).
-5
Let n(r) be the second derivative of -r**7/2520 - r**6/80 - 3*r**5/40 + r**4/6 + 6*r**2 + r + 2. Let d(o) be the third derivative of n(o). What is d(-7)?
5
Suppose 0 = -10*s - s + 33. Suppose 0 = -5*y - 4*x - 24, 3*y - y = s*x - 5. Let w(d) = 2*d**2 + 5*d - 2. What is w(y)?
10
Suppose 0 = -i + b + 8, 0 = -i - 2*b - 0*b - 7. Let z(u) = -5*u**i + 6 + 4*u**3 + 2 - 6 + 6 - 7*u**2. Calculate z(-7).
8
Let t = 36499 - 36507. Let n(q) = -q**2 - 35*q - 217. Calculate n(t).
-1
Let r(s) = -s**2 + 5*s - 4. Suppose 2*j + 64 = 4*w, w + 4*w = -10. Let q be (-224)/j + 10/(-45). Determine r(q).
-10
Let c(y) = 6*y**2 - y - 1. Let i be c(-1). Let l(p) be the second derivative of p**4/12 - p**3 + p**2 + 10450*p. Calculate l(i).
2
Let p(j) = j**2 + 14*j - 1. Suppose -4*k = -5 - 19. Suppose 2*f + 64 = g - k*g, 5*f - 29 = g. What is p(g)?
-1
Let s be 4/8*5*2. Let j(c) be the first derivative of c**3/3 - 2*c**2 - 2*c + 19878. Determine j(s).
3
Let z(j) be the first derivative of 11*j**2/2 - 8*j + 24. Let y be z(5). Let k(q) = -1 - 1 - 2 - 48*q + y*q. What is k(5)?
-9
Suppose -4*v + 4*x - 3 = -63, 10*x + 38 = 2*v. Let b(w) = -w**3 + 13*w**2 + 13*w - 9. Determine b(v).
-23
Let g be (-2)/(7/((-42)/4)). Let w(t) = -2*t + t + 3 + g. Give w(9).
-3
Suppose -5*c = -9*q + 5*q + 18, -2*q = c - 16. Let x(n) = n**3 - 7*n**2 + n - 14. What is x(q)?
-7
Let k(r) = r**3 + 14*r**2 - 31*r + 22. Let p(m) = m**3 - 11*m**2 + 12*m - 36. Let g be p(10). What is k(g)?
6
Let d(f) = -f**2 - 7*f - 10. Let y = 156 + -152. Suppose -y*i + v - 21 = 0, -2*v = -7*v + 5. Calculate d(i).
0
Let c(i) = -i**3 + i**2. Suppose 3*v = -2*v - 25. Let s(h) = -4*h**3 + 5*h**2 - 2*h - 1. Let l(t) = v*c(t) + s(t). Let d be (-1)/((-315)/30 - -11). Give l(d).
-5
Let m(t) be the second derivative of t**6/720 - t**5/120 - 2*t**4/3 + 6*t. Let o(v) be the third derivative of m(v). Let x = 1359 - 1363. Calculate o(x).
-5
Let l = 132 + -132. Let m(f) = -f**3 - 508*f**2 + l + 5*f + 2 + 505*f**2. Determine m(-4).
-2
Let v(o) = 79*o + 43*o + o**3 - 6*o**2 - 2 - 117*o. Let d = -3 - -8. Give v(d).
-2
Suppose -4975*s + 4983*s - 24 = 0. Let i(m) be the first derivative of -3*m**2/2 + m + 3. What is i(s)?
-8
Let c(g) = -2*g + 13. Let a(u) = u**3 - 2*u**2 - 24*u + 3. Let m be a(-4). Suppose -2*v + m*z + 6 = -0*z, 4*v = 4*z + 16. Determine c(v).
1
Suppose k = -5*v + 161, 0 = 3*k - 3 - 0. Let g be 2/5 - (-1 - v/(-5)). Let z be (-15)/g*(30/9)/(-1). Let m(n) = n**3 + 9*n**2 - 9*n + 10. Determine m(z).
0
Suppose 2*z = 12 - 8. Let k(t) = -13*t + 13*t**2 + 7*t**2 - 1 + 5*t - 19*t**z. Suppose x - 2*x = -8. Give k(x).
-1
Let y = -312 + 130. Let a = -184 - y. Let h(t) = -8*t - 1. Give h(a).
15
Let q(j) = 3*j**2 + 7*j**2 - 6*j**3 - j**3 + 11*j**3 - j - 3*j**3 + 1. Suppose 0 = -h - 2*d - 14, 2*d - 3*d - 52 = 5*h. Determine q(h).
11
Let t(w) = w**2 + 4*w + 3. Let i(z) = -3*z**2 - 7*z - 5. Let q(p) = 3*i(p) + 5*t(p). Suppose 438*u - 27 = 221*u + 244*u. Give q(u).
-3
Let k(o) be the third derivative of o**4/12 + 14*o**3/3 - 1309*o**2. What is k(-10)?
8
Suppose 3*u = -k + 5*u + 14, -k = -u - 10. Let f be 2*2/k + (-800)/(-96). Let c(x) = f + 15 - x - 28. Determine c(-3).
-1
Let n(u) = -u**2 - 24*u - 39. Let k be n(-21). Let v be (-13)/(-1) + -2 + 2. Let i(r) = -v + k + r - 13. What is i(-4)?
-6
Let z(a) be the third derivative of -a**5/60 - a**4/24 - 2*a**2. Let s = 121 + -110. Suppose -4*l + f - s = 0, -2*f + 13 = -4*l - 3*f. Calculate z(l).
-6
Let d = -4176 + 4171. Let t(u) be the second derivative of u**5/20 + u**4/2 + u**3/3 - 4*u**2 + 5*u. Give t(d).
7
Let z = 546 - 552. Let u be ((-117)/18 - z)*12. Let c(i) = 2*i + 2. Give c(u).
-10
Let q(l) = 2*l**2 - l - 1. Suppose -4*j - 8 = 4*j. Let k be q(j). Suppose 10 = -5*u + 3*f, -3*f - 2 = u + k*f. Let t(g) = -g**2 + 2*g + 3. What is t(u)?
-5
Let d(s) = 2*s + 16. Let m be d(-7). Suppose m*f = -5*r - 4, 2*f - r + 4 = 4*f. Let q(j) = j + 1. What is q(f)?
4
Let m(c) be the first derivative of 56 + 5*c + 1/3*c**3 - 9/2*c**2. Let b = -4 - -11. Give m(b).
-9
Suppose -s - 53 + 59 = 0. Suppose s = 5*a - 4. Let u(d) = 7*d**a - d**3 - 275 + 275 - 5*d + 0*d**3. Calculate u(6).
6
Let r(o) be the third derivative of -o**5/60 - 13*o**4/24 + 59*o**3/6 - 42*o**2 - 7*o + 5. Give r(-17).
-9
Let k(c) be the